Let y be u(7). Calculate m(y).
-5
Let c(o) = 29*o**2 + 14*o - 9. Let x(l) = 14*l**2 + 6*l - 4. Let s(m) = -3*c(m) + 7*x(m). What is s(-1)?
10
Let i(k) = k**2 + k. Let q = -72 + 48. Let b = q + 21. Give i(b).
6
Suppose 3*y + 2*y - 10 = 0. Let a = 4 - -1. Suppose -y*o = -a*o + 15. Let d(g) = g**3 - 4*g**2 - 5*g + 2. Calculate d(o).
2
Let k(x) = -x - 1. Let c = -8 - -11. Suppose c*q = 0, -q - 7 = -t - 4*q. Determine k(t).
-8
Let l(x) = -2*x**2 + 9*x - 2. Let r be l(4). Let c(n) = -2*n**2 - 5 + 2 + n**3 - 3*n - 2*n**r. Determine c(5).
7
Let j(u) be the first derivative of -u**2/2 + 16*u - 108. Give j(11).
5
Let y(b) = b + 3. Let n(m) = 3*m + 15. Let c(v) = 2*n(v) - 11*y(v). What is c(-2)?
7
Suppose 4*l - 15 = 1. Let n(a) = 0*a**3 - a**3 + 4*a**2 - 4*a**3 + l*a**3 + 4. Suppose 3*c + 23 = -t + 6*t, 2*t - 5*c - 13 = 0. Determine n(t).
4
Let i(w) = -w**2 + 12*w + 5. Let y be i(12). Let t(n) = y - 4 + 99*n**2 - 100*n**2 - n + 4. Give t(-4).
-7
Let y(s) = -s**2 + 7*s - 2. Let w be y(6). Let b be w/(-12) - 14/(-6). Let a(z) = z**3 - 8*z - 4*z**b + 3*z + 0*z - 6 + 0*z**2. Calculate a(5).
-6
Let h(t) = -2*t**2 + t - 9. Let n(i) = -17*i**3 + 8*i**2 - 5*i + 37. Let w(m) = 4*h(m) + n(m). Let u be 2 - (2*1 - 1). Give w(u).
-17
Suppose 194 - 198 = -u. Let p(s) = 3*s**2 + 8*s + 11. Let m(c) = 5*c**2 + 12*c + 17. Let o(z) = -5*m(z) + 8*p(z). Determine o(u).
3
Suppose 14*t - 146 = -20. Let a(w) = w - 4. Determine a(t).
5
Let k(h) = h**3 + 8*h**2 + 3*h - 9. Let u(a) = a**3 - 8*a**2 + 5*a + 6. Let s be u(7). What is k(s)?
-33
Let x(z) = -3*z + 2. Let b = 204 + -205. Calculate x(b).
5
Let v(y) be the third derivative of -y**6/120 + y**5/30 + y**4/6 + y**3/2 + 2*y**2. Let z = 13 - 12. Let t be (z/(-3))/(4/24). Give v(t).
11
Let m(i) = 14*i - 7*i - 5*i. Suppose 59*o + 91 + 86 = 0. Give m(o).
-6
Suppose m = 3*m + 8. Let b(p) = -3*p - 33. Let k(a) = -2*a - 25. Let d(w) = -3*b(w) + 4*k(w). What is d(m)?
-5
Let y(v) = 2*v + 16. Let j be 16/(-8) + 3*-2. Let l be y(j). Let b(x) = 4*x + x**3 + 3*x**2 + 0 + 6 - 3 + l*x**3. Determine b(-3).
-9
Let h(z) = z**2 + 7*z + 5. Suppose 0 = 4*v - 3*p - 10, p = -4*v - 4*p + 26. Suppose 0 = -2*i + 10 - 10. Suppose u + v = -i*u. Give h(u).
-7
Suppose -k - 222 = -113. Let o = k + 105. Let z(j) = 4*j + 2. Determine z(o).
-14
Suppose 4*p - 7 - 9 = -5*a, -5*p - 4*a = -29. Let b(i) = -i**3 + 10*i**2 - 10*i - 6. Determine b(p).
-15
Let s(n) = n**3 - 7*n**2 + 8*n - 8. Suppose 624 = -5*b - b. Let c = b - -110. What is s(c)?
4
Let t(p) = 191*p - 159*p + 0 - 1. What is t(1)?
31
Suppose -10 = 5*b, -x + 35*b - 38*b - 8 = 0. Let d(c) = c**3 - 2*c**2 - 2*c. What is d(x)?
-12
Suppose 0*f = 2*f + 4. Suppose 2*j = -j + 9. Let v(c) = -4*c - j + 11 - 9. What is v(f)?
7
Let c(p) be the third derivative of -23*p**6/120 - p**5/60 + p**4/12 - p**3/6 - 74*p**2. What is c(1)?
-23
Let l(h) = h**2 + 0*h + h**2 - 3*h. Let a(b) = 0*b**2 - 5*b**2 + 0*b**3 + 2 + b**3. Let n be a(5). Determine l(n).
2
Let z be -2*(2/3 + 25/(-15)). Suppose 16 = 4*g + n, 2*g - n - 6 = -z*n. Let h(y) = y**3 - 5*y**2 + 2*y + 2. Determine h(g).
12
Suppose 3*v + 24 = w, 2*w + 0*w + 4*v = -2. Let y(a) = -8 + a + 8. What is y(w)?
9
Let f(z) = 5*z - 1. Let o(x) be the third derivative of x**4/24 + 3*x**3/2 - 7*x**2. Let a(q) = q**2 + 12*q - 6. Let b be a(-12). Let s be o(b). What is f(s)?
14
Let y(x) = x. Let u be y(5). Let l(h) = 3*h - 15. Let d(t) = -12*t + 64. Let p(w) = 2*d(w) + 9*l(w). Calculate p(u).
8
Let n(w) = -w**2 - w - 1. Let j(g) = g + 7. Let p be j(-8). Let m be n(p). Let o(c) be the second derivative of c**5/20 + c**4/12 - c**3/6 + 11*c. Give o(m).
1
Let s(d) = d**3 + 3*d**2 - 2*d - 2. Let r(g) be the first derivative of -g**3/3 + g**2/2 + g + 24. Let y(h) = -2*r(h) - s(h). What is y(-1)?
0
Let p(z) be the second derivative of -12*z + 0 + 1/3*z**3 + 1/2*z**2. What is p(5)?
11
Let y = 609 - 609. Let q(z) be the first derivative of -z**3/3 - z**2/2 - 8*z - 3. Calculate q(y).
-8
Let t(p) = -p**2 + p - 11. Let n = 12 + -8. Suppose -4*j + 2*b + 10 = 0, 6 + 7 = j - n*b. Let k be 0/(-2 + j + 3). Give t(k).
-11
Let t(i) = i**2 - 8*i + 9. Let v be 25*2/5 - 3. Give t(v).
2
Let k(r) = -r. Let d be k(2). Suppose -g + 17 - 3 = 0. Let p(t) = 0*t**2 + 3*t + g*t**3 + 1 + t**2 - 15*t**3. Give p(d).
7
Let v(s) = s - 5 + 0 + 3. Let g = -4439 + 4432. Calculate v(g).
-9
Let c(g) = 3*g + 325 - 161 - 166. What is c(-4)?
-14
Let l(x) = -28 - x**2 - 35 - x + 60. Give l(-4).
-15
Let v(y) = -2*y - 7. Let r(h) = h + 1. Let w(n) = -4*r(n) - v(n). Let u = -53 + 36. Let b = 19 + u. Give w(b).
-1
Let m(o) = -3*o - 13. Let w be m(-6). Suppose -w*c + 16 = -9. Let b(n) = -4*n**3 - 4*n**2 - n**3 - 5*n + 6*n**3 - 6. Give b(c).
-6
Let z(v) = 6*v**3 - 2*v**2 - 2*v - 1. Let a be 322/8 + (-4)/16. Let j = a + -41. Give z(j).
-7
Let m(o) = -45 - 44 + 98 + 5*o + 0*o. Determine m(-3).
-6
Let j(g) = 27*g**2 - 325 - 316 + 640. What is j(-1)?
26
Let n be 92/12 - (-4)/(-6). Let p be n/7 - (-15)/(-3). Let b(v) = -v**3 - 4*v**2 + v. Calculate b(p).
-4
Let c(m) = -m + 1. Let i(p) = -25*p + 1. Let j(g) = -17*g. Let n(t) = 5*i(t) - 8*j(t). Let o(w) = -4*c(w) + n(w). What is o(-1)?
-14
Suppose 0 = t - 4*z, 2*t - 27*z = -30*z. Let v(y) = y - 3. Calculate v(t).
-3
Let j(a) = -a**3 - 7*a**2 - 8*a - 9. Let n = -10 + 4. Let b be j(n). Let s(h) = -h + 3 + h - b*h - h**2. What is s(-3)?
3
Let k(y) = -y**2 - 2*y + 2. Suppose -7*m = -29*m + 88. Give k(m).
-22
Let s(g) = -2 - 5 - 3 + g. Let z(k) = k**2 - k + 7. Suppose 6 = 3*b + l + 4, l - 2 = 0. Let w be z(b). Calculate s(w).
-3
Let t(u) = 5*u**2 + 3*u + 3. Let m(v) = 3*v**2 + 4*v + 5. Let p(g) = -3*m(g) + 2*t(g). What is p(8)?
7
Suppose 4*t + 8 = 0, 2*x = -3*t + 32 - 4. Let f(d) = -d**2 + 16*d + 15. Give f(x).
-2
Let v(d) be the second derivative of d**3 - 5*d + 0 + 1/20*d**5 - 3*d**2 - 1/2*d**4. Calculate v(5).
-1
Let s be (-74)/6 - (-6)/18. Let z be (-8)/2*s/16. Suppose 0 = z*u - 3*r - 21, 2*u + 3*r + 31 = 7*u. Let h(v) = -v**3 + 5*v**2 + 4. Determine h(u).
4
Let z be -1 + (-18)/(18/(-2)). Let k(d) = -12*d - 1. Determine k(z).
-13
Let f(p) be the first derivative of 2*p + 19 - 5/3*p**3 + 5/2*p**2 + 1/4*p**4. Determine f(4).
6
Suppose 4*j - 17 = -2*y + 5, 4*y = -2*j + 26. Let b(v) = -2*v**2 + 12*v + 59. Let z(l) = l**2 - 6*l - 27. Let n(g) = -4*b(g) - 9*z(g). Calculate n(y).
12
Suppose 2*d = d + 2. Suppose 0 = -4*c + d*j + 2, c + 3*j - 2 = 4*j. Let v(q) be the third derivative of q**6/30 - q**5/60 + 925*q**2. What is v(c)?
-5
Let j(w) be the third derivative of w**5/60 + w**3/6 - w**2. Suppose 10 = -15*a + 20*a. Let g be ((-12)/6)/(-1 + a + 1). Give j(g).
2
Let f be -14*3/12*30. Let a be (-7)/f*5 - (-8)/3. Let y(n) = 8*n + 2. What is y(a)?
26
Let g(b) = -b**3 - b**2 - b - 1. Let t be g(-1). Let c(a) = a - 2*a**3 - a**3 + 5*a**3 - a**3 - 16. Give c(t).
-16
Let f be (-5)/25 + 92/10. Let m(p) = p**2 - 10*p + 4. Give m(f).
-5
Let k = -2 + 2. Let w(q) = -10*q**2 + 0 + k + q. Let f be (-7 + 10)/(-3)*-1. What is w(f)?
-9
Let k(m) = -22 + m - 16 + 43 - 11*m + m**2 + m. Give k(7).
-9
Let w(m) be the second derivative of m**4/12 - 4*m**3/3 - 3*m**2/2 - 11*m. What is w(9)?
6
Let j(c) = 11*c**2 - 4*c + 6. Let t(u) = -8*u**2 + 3*u - 5. Let g(q) = 3*j(q) + 4*t(q). Determine g(2).
2
Let t = -103 - -109. Let d(j) = -j + 4. Let r(o) = o - 8. Let i(y) = t*r(y) + 13*d(y). Give i(3).
-17
Suppose -2*z + 3*i = -0*i + 13, 5*i - 25 = 0. Suppose -4 - 2 = -3*v. Let g(y) = y**v + y**3 + 2 + y**3 - y - 1. Give g(z).
3
Let j(u) = -u**2 + 8*u + 10. Let s = -111 + 107. Let y be 14*(s - (-45)/10). Determine j(y).
17
Let b(w) be the first derivative of w**7/840 + w**6/60 + w**5/24 - 7*w**4/24 - 35*w**3/3 + w**2/2 - 41. Let h(g) be the third derivative of b(g). What is h(-5)?
-7
Let v(m) = -2*m**2 + 2*m - 3. Let c(o) = -4*o**2 + 5*o - 6. Let h(g) = -3*c(g) + 7*v(g). Calculate h(-2).
-9
Let u(h) be the second derivative of h**4/6 + 11*h**3/6 + 5*h**2 - 7*h - 34. Calculate u(-5).
5
Let z(o) = -3*o**2 + 14*o + 1. Let v(c) = c. Let p(i) = -2*v(i) + z(i). Let m(y) = 2*y**2 - 8*y - 1. Let w(k) = -7*m(k) - 5*p(k). Determine w(2).
-2
Let s(q) = 3*q + 6*q + 6 - 10 - 10*q. Suppose -5*a + a = 36. Give s(a).
5
Let n = -21 + 6. Let m be (-1 - 2) + 6/(-18)*n. Let v(u) = -4 - 6*u + 3 + 2*u. What is v(m)?
-9
Let v(w) = w - 14. Suppose 5